Κλιματικές Αναφορές τύπου NOAA



Αναφορά για 2018 Ιανουάριος
                   MONTHLY CLIMATOLOGICAL SUMMARY for JAN. 2018

NAME: meteokastro   CITY: ORAIOKASTRO   STATE: THESSALONIKI 
ELEV:   270 m  LAT:  40° 43' 53" N  LONG:  22° 55' 10" E

                   TEMPERATURE (°C), RAIN  (mm), WIND SPEED (km/hr)

                                      HEAT  COOL        AVG
    MEAN                              DEG   DEG         WIND                 DOM
DAY TEMP  HIGH   TIME   LOW    TIME   DAYS  DAYS  RAIN  SPEED HIGH   TIME    DIR
------------------------------------------------------------------------------------
 1   7.9  12.3   3:00p   4.7   4:00a  10.3   0.0   0.0   0.2  12.9   9:30p    NW
 2   9.6  13.4  12:30p   5.9   6:30a   8.8   0.0   0.0   1.0  29.0   6:00a   NNW
 3   7.6  10.6   2:30p   5.4   8:00a  10.7   0.0   0.0  13.2  57.9   9:30a   NNW
 4   6.2   8.6   4:30p   3.6   6:30a  12.2   0.0   0.2  11.1  48.3   6:00p    NW
 5   7.2  12.1   3:00p   3.4   5:00a  11.1   0.0   0.0   1.0  19.3  12:30a   WSW
 6   8.8  12.9   2:30p   5.1   6:00a   9.5   0.0   0.0   0.0  11.3  12:00p   SSW
 7  10.1  13.4   3:30p   8.1  11:30p   8.3   0.0   0.0   0.0  12.9   2:00p   SSW
 8   9.2  10.9   2:00p   7.2   6:30a   9.1   0.0   0.0   0.2  11.3   1:30p   SSE
 9   8.5  10.2   3:00p   6.4   7:00a   9.8   0.0   0.0   0.8  20.9  10:00p    SE
10   8.0   8.7   3:30p   7.4   9:00a  10.3   0.0   0.8   2.3  27.4   2:00a    NE
11   8.4  11.6   3:30p   6.9   5:30a   9.9   0.0   2.0   0.3  16.1   1:30a    NE
12   8.1   8.9   3:00p   7.0   9:00a  10.2   0.0   0.8   2.9  37.0  11:00p   NNW
13   6.3   7.7  12:30a   4.6   9:30p  12.0   0.0   0.6  10.1  45.1   1:30a     E
14   4.0   4.9  12:30a   2.3  11:30p  14.3   0.0   0.0   5.3  27.4   1:00p   ENE
15   2.1   3.7  12:00m   1.0   8:30a  16.2   0.0   1.6   3.4  24.1   3:30a    NE
16   5.4   8.7   3:00p   3.6  12:30a  12.9   0.0   0.2   0.2  14.5   2:00a    NE
17   8.0  12.8   3:30p   4.1   7:30a  10.3   0.0   0.8   1.8  54.7  12:00m   SSW
18   4.9   7.6   2:30p   2.9   8:00a  13.3   0.0   0.2  18.8  80.5   4:00a    NW
19   6.4  12.0   2:00p   2.5   7:30a  11.9   0.0   0.0   0.2  12.9  12:30a   SSW
20   8.1  12.9   1:30p   4.9  11:30p  10.2   0.0   0.0   3.7  49.9   9:00p   ESE
21   7.1   8.7   9:30a   5.0   1:00a   5.6   0.0   0.0   5.6  40.2  12:30a     N
22
23
24
25
26
27
28
29
30
31
-------------------------------------------------------------------------------------
     7.2  13.4     2     1.0    15   227.1   0.0   7.2   3.9  80.5    18      NW

Max >=  32.0:  0
Max <=   0.0:  0
Min <=   0.0:  0
Min <= -18.0:  0
Max Rain: 2.01 ON 11/01/18
Days of Rain: 9 (> .2 mm) 1 (> 2 mm) 0 (> 20 mm)
Heat Base:  18.3  Cool Base:  18.3  Method: Integration