Κλιματικές Αναφορές τύπου NOAA



Αναφορά για 2017 Μάρτιος
                   MONTHLY CLIMATOLOGICAL SUMMARY for MAR. 2017

NAME: meteokastro   CITY: ORAIOKASTRO   STATE: THESSALONIKI 
ELEV:   240 m  LAT:  40° 43' 19" N  LONG:  22° 55' 00" E

                   TEMPERATURE (°C), RAIN  (mm), WIND SPEED (km/hr)

                                      HEAT  COOL        AVG
    MEAN                              DEG   DEG         WIND                 DOM
DAY TEMP  HIGH   TIME   LOW    TIME   DAYS  DAYS  RAIN  SPEED HIGH   TIME    DIR
------------------------------------------------------------------------------------
 1  10.9  16.0   2:30p   9.1  10:00p   7.4   0.0   2.4   2.6  43.5   8:00p    NE
 2  10.4  15.4   5:00p   6.5   5:30a   7.9   0.0   0.0  19.0  78.9   9:30a     N
 3  11.6  17.7   3:00p   6.9   7:00a   6.8   0.0   0.0   2.3  20.9  12:30p     N
 4  11.6  16.9   2:00p   7.9   4:00a   6.7   0.0   0.0   2.9  22.5   2:30p   SSW
 5  11.1  16.4   1:30p   6.7   7:30a   7.2   0.0   0.0   1.9  19.3  12:00p     S
 6  10.7  16.1   4:30p   8.0   6:00a   7.6   0.0   2.4   2.7  24.1  12:00p     S
 7  11.4  16.4   3:00p   8.9   8:30a   6.8   0.0   1.2  10.5  43.5   8:30p    NE
 8   9.9  11.1  12:00p   9.1  11:30p   8.3   0.0   5.8  19.6  56.3   6:30a   ENE
 9  10.5  12.9   6:00p   8.7   1:30a   7.8   0.0   2.6  10.1  29.0   9:00a     N
10   8.3   9.8   2:30p   6.9  12:00m  10.0   0.0   8.6  10.3  43.5  11:00p     N
11   7.5  11.3   3:00p   5.9   4:30a  10.8   0.0   5.4  25.6  67.6  10:30p     N
12   8.3  13.7   2:30p   5.4  12:00m  10.0   0.0   2.6  20.4  64.4   1:00a     N
13   7.7  12.3   3:30p   4.6   7:00a  10.6   0.0   0.0  21.1  61.2   6:30a     N
14   9.4  13.6   2:30p   5.8   7:00a   8.9   0.0   0.0  16.1  53.1   1:00a     N
15  10.0  14.9   3:30p   7.0  11:30p   8.3   0.0   0.0   8.7  43.5   9:30a     N
16   9.4  13.5   1:00p   7.1  12:30a   8.8   0.0   3.0  10.0  41.8   8:30a     N
17  10.4  16.1   3:00p   6.2   2:00a   7.9   0.0   0.0  10.9  49.9  10:30a   NNW
18  10.1  15.5   3:00p   5.8   1:00a   8.3   0.0   0.0   1.8  17.7  11:00a   SSE
19  14.1  20.6   2:00p   8.7  12:30a   4.5   0.2   0.0   2.3  19.3   3:30p   WSW
20  16.5  21.7   2:30p  12.3  11:30p   2.5   0.7   0.0   1.9  16.1   3:30a    SW
21  15.2  21.2   2:00p  10.5   6:00a   3.5   0.5   0.0   3.5  22.5   2:00a   ESE
22  14.2  20.2   2:30p   9.3   3:00a   4.3   0.2   0.0   3.1  24.1   9:00a     E
23  14.7  20.1   3:00p  10.8   7:00a   3.7   0.2   0.0   2.7  20.9   9:00a   ENE
24  14.8  21.3   2:30p   9.7   4:30a   3.9   0.4   0.0   2.3  19.3   2:30p   SSE
25  17.0  23.8   3:00p  11.3   6:00a   2.5   1.2   0.0   2.6  27.4  10:00p   SSE
26  15.8  22.7   3:30p   7.9  12:00m   3.1   0.7   0.0   8.9  67.6  10:30p    NE
27   6.8   8.3   1:30p   5.6   6:30a   6.5   0.0   2.6  19.3  69.2   1:30a     N
28
29
30
31
-------------------------------------------------------------------------------------
    11.4  23.8    25     4.6    13   184.5   4.1  36.6   9.0  78.9     2       N

Max >=  32.0:  0
Max <=   0.0:  0
Min <=   0.0:  0
Min <= -18.0:  0
Max Rain: 8.61 ON 10/03/17
Days of Rain: 10 (> .2 mm) 9 (> 2 mm) 0 (> 20 mm)
Heat Base:  18.3  Cool Base:  18.3  Method: Integration