Κλιματικές Αναφορές τύπου NOAA



Αναφορά για 2018 Αύγουστος
                   MONTHLY CLIMATOLOGICAL SUMMARY for AUG. 2018

NAME: meteokastro   CITY: ORAIOKASTRO   STATE: THESSALONIKI 
ELEV:   270 m  LAT:  40° 43' 53" N  LONG:  22° 55' 10" E

                   TEMPERATURE (°C), RAIN  (mm), WIND SPEED (km/hr)

                                      HEAT  COOL        AVG
    MEAN                              DEG   DEG         WIND                 DOM
DAY TEMP  HIGH   TIME   LOW    TIME   DAYS  DAYS  RAIN  SPEED HIGH   TIME    DIR
------------------------------------------------------------------------------------
 1  24.7  28.9   8:00p  20.1   2:30p   0.0   6.4  33.4   1.4  32.2   2:00p     N
 2  25.0  30.2   1:00p  20.4   6:00p   0.0   6.7  18.6   1.8  38.6   5:30p     N
 3  23.6  28.3   2:00p  21.1  12:00m   0.0   5.2   3.8   0.6  29.0   2:30p    NW
 4  25.4  31.2   5:00p  21.4  12:30a   0.0   7.2   0.0   2.1  27.4  12:30p   NNE
 5  26.0  31.0   4:30p  22.7   8:00a   0.0   7.7   0.0   1.0  22.5   3:30p     N
 6  26.7  31.3   5:00p  22.9   5:00a   0.0   8.4   0.0   0.6  19.3   2:30p     S
 7  27.3  32.1   5:30p  23.4   7:00a   0.0   9.1   0.0   1.8  22.5   8:00a     N
 8  27.2  31.2   4:30p  24.2   6:30a   0.0   8.9   0.0   0.8  17.7  10:00a     S
 9  26.5  29.1   4:30p  23.7   7:00a   0.0   8.2   0.0   1.1  20.9   3:30p     E
10  25.4  29.0   1:00p  22.2   7:00a   0.0   7.1   0.0   0.8  19.3   1:00p     S
11  24.7  28.4   2:00p  21.3   7:00a   0.0   6.3   0.0   1.0  22.5   3:30p   ENE
12  24.3  28.2   4:00p  21.5   6:30a   0.0   6.0   0.0   1.0  20.9  12:30p     S
13  24.7  29.2   4:00p  20.7   7:30a   0.0   6.3   0.0   0.6  17.7   3:30p   SSW
14  24.5  28.8   4:00p  21.2   6:30a   0.0   6.2   0.0   0.5  17.7   1:30p     S
15  25.2  29.7   2:00p  21.8   7:00a   0.0   6.9   0.0   1.1  20.9   3:30p     S
16  25.9  30.4   3:30p  22.7   3:00a   0.0   7.6   0.0   1.4  29.0   3:00a     N
17  27.2  32.5   4:00p  22.8   7:00a   0.0   8.9   0.0   3.9  27.4   1:30p     N
18  27.8  32.9   6:30p  23.8   6:30a   0.0   9.5   0.0   2.4  29.0   9:00a     N
19  28.3  33.3   5:00p  24.3   7:00a   0.0   9.1   0.0   2.3  33.8   7:00p   ENE
20
21
22
23
24
25
26
27
28
29
30
31
-------------------------------------------------------------------------------------
    25.8  33.3    19    20.1     1     0.0 141.8  55.8   1.4  38.6     2       N

Max >=  32.0:  4
Max <=   0.0:  0
Min <=   0.0:  0
Min <= -18.0:  0
Max Rain: 33.40 ON 01/08/18
Days of Rain: 3 (> .2 mm) 3 (> 2 mm) 1 (> 20 mm)
Heat Base:  18.3  Cool Base:  18.3  Method: Integration