Κλιματικές Αναφορές τύπου NOAA



Αναφορά για 2020 Οκτώβριος
                   MONTHLY CLIMATOLOGICAL SUMMARY for OCT. 2020

NAME: meteokastro   CITY: ORAIOKASTRO   STATE: THESSALONIKI 
ELEV:   290 m  LAT:  40° 43' 53" N  LONG:  22° 55' 10" E

                   TEMPERATURE (°C), RAIN  (mm), WIND SPEED (km/hr)

                                      HEAT  COOL        AVG
    MEAN                              DEG   DEG         WIND                 DOM
DAY TEMP  HIGH   TIME   LOW    TIME   DAYS  DAYS  RAIN  SPEED HIGH   TIME    DIR
------------------------------------------------------------------------------------
 1  17.9  23.1   3:55p  13.8   7:25a   1.6   1.2   0.0   1.9  22.5   1:20p    SW
 2  19.8  24.9   3:05p  16.1   7:10a   0.5   2.0   0.0   1.1  20.9   3:45p    SW
 3  20.2  25.2   1:55p  17.0   6:40a   0.3   2.2   0.0   1.0  25.7   1:55p    SW
 4  20.8  25.3   1:00p  17.9   5:55a   0.0   2.5   0.0   0.5  20.9   2:55p    SW
 5  21.0  24.9   4:05p  18.2   7:50a   0.0   2.7   0.0   0.3  20.9   1:25p    NE
 6  23.2  27.2   3:20p  20.4   3:35a   0.0   4.9   0.0   1.0  24.1  10:45p     N
 7  21.8  25.0  12:20p  18.9   6:30a   0.0   3.5   0.4   0.8  20.9  12:15a     N
 8  17.2  20.4   1:05a  14.0   8:15p   1.5   0.4   1.0  12.1  61.2   6:05p    NW
 9  16.8  21.1   5:20p  14.4  12:20a   1.9   0.4   0.0  14.0  51.5   7:55a   NNW
10  17.9  23.7   3:20p  14.1   7:15a   1.6   1.2   0.0   4.5  38.6   8:25a     N
11  18.8  23.2   2:10p  15.7   5:45a   0.9   1.4   0.0   0.2  12.9   2:40p   SSW
12  18.7  22.2   1:55p  16.0   6:35a   0.7   1.0   0.8   2.6  35.4  11:25p   ENE
13  18.7  22.2   3:10p  15.1  11:55p   0.5   0.9   9.2   2.9  32.2   2:30a   WSW
14  17.5  22.3   3:40p  13.8   7:25a   1.6   0.8   0.0   0.2  17.7   9:45a   SSW
15  17.9  21.3   4:55p  15.3   4:25a   1.1   0.6   0.0   0.2  17.7  10:30a   SSW
16  18.8  23.4   2:50p  15.5   5:45a   0.7   1.2   2.4   0.8  20.9   8:15a   ENE
17  18.6  22.7   4:30p  15.2   8:15a   0.7   1.0   0.0   2.9  30.6   8:30a     N
18  16.0  20.6   2:55p  13.0   7:00a   2.6   0.3   0.0   9.8  38.6   8:15p     N
19  14.2  19.0   2:35p  10.4   7:15a   4.1   0.0   0.0   6.4  35.4   5:35a     N
20  14.7  19.0   4:50p  11.9   8:10a   3.7   0.0   0.0   1.4  19.3  10:35a   ENE
21  15.3  20.7   4:00p  11.8   7:40a   3.2   0.3   0.0   2.1  17.7   8:55a     N
22  16.8  23.2   4:30p  12.2   6:35a   2.4   0.9   0.0   0.6  14.5   4:25a     N
23  14.6  15.4  12:05a  13.7   5:50a   1.0   0.0   0.0   0.0   0.0     ---   ---
24
25
26
27
28
29
30
31
-------------------------------------------------------------------------------------
    18.1  27.2     6    10.4    19    30.4  29.4  13.8   2.9  61.2     8       N

Max >=  32.0:  0
Max <=   0.0:  0
Min <=   0.0:  0
Min <= -18.0:  0
Max Rain: 9.19 ON 13/10/20
Days of Rain: 5 (> .2 mm) 2 (> 2 mm) 0 (> 20 mm)
Heat Base:  18.3  Cool Base:  18.3  Method: Integration