Κλιματικές Αναφορές τύπου NOAA



Αναφορά για 2017 Απρίλιος
                   MONTHLY CLIMATOLOGICAL SUMMARY for APR. 2017

NAME: meteokastro   CITY: ORAIOKASTRO   STATE: THESSALONIKI 
ELEV:   240 m  LAT:  40° 43' 19" N  LONG:  22° 55' 00" E

                   TEMPERATURE (°C), RAIN  (mm), WIND SPEED (km/hr)

                                      HEAT  COOL        AVG
    MEAN                              DEG   DEG         WIND                 DOM
DAY TEMP  HIGH   TIME   LOW    TIME   DAYS  DAYS  RAIN  SPEED HIGH   TIME    DIR
------------------------------------------------------------------------------------
 1  12.9  18.9   3:30p   8.3   7:30a   5.4   0.0   0.0   2.1  19.3   1:30p     S
 2  13.3  19.6   2:30p   7.7   7:00a   5.1   0.1   0.0   2.3  24.1   2:30p     S
 3  11.9  17.2   2:30p   9.4   6:30a   6.3   0.0   0.2   3.4  22.5   1:00a   ENE
 4  12.6  18.1   4:30p   9.1   7:30a   5.7   0.0   0.2   3.4  27.4   2:00p   ENE
 5  12.9  18.6   5:00p   9.9   6:30a   5.4   0.0   0.0   4.5  25.7   2:30p    NE
 6  13.6  19.6   4:30p   8.8   6:30a   4.7   0.1   0.0  11.1  53.1  11:30p   SSW
 7  11.0  13.9   2:30p   7.9  11:00a   7.3   0.0   0.2  21.9  57.9   5:00a   NNW
 8  11.8  16.8   4:00p   7.8   6:30a   6.5   0.0   0.0  15.9  51.5   4:30p    NW
 9  13.8  20.5   5:00p   9.4   5:00a   4.7   0.1   0.0   7.7  33.8   1:30a     N
10  13.6  18.9   4:00p  10.1   7:00a   4.7   0.0   0.0   4.3  22.5   1:30p     E
11  14.0  19.8   3:00p   8.9   7:00a   4.4   0.1   0.0   2.3  20.9   4:00p     S
12  15.5  23.2   4:00p  10.4   3:30a   3.4   0.7   0.0   4.3  41.8   6:00p     S
13  16.4  22.6   2:30p  11.8   7:30a   2.7   0.8   0.0   4.7  27.4   6:00a   SSW
14  18.0  24.4   3:00p  13.0   2:30a   1.7   1.4   0.0   2.4  27.4   3:00p   SSW
15  18.2  24.4   2:30p  14.2   6:30a   1.3   1.2   0.0   2.9  24.1   3:00p   SSW
16  17.3  22.9   3:30p  13.7   5:00a   2.1   1.1   2.0   4.5  25.7   3:00a    NE
17  11.3  14.4   7:00p   9.2  12:00p   7.0   0.0   0.0  21.6  59.5  12:00p     N
18  11.7  18.8   4:00p   7.3   5:00a   6.6   0.0   0.0  17.2  59.5   2:00a     N
19  12.7  18.8   4:30p   9.4   4:00a   5.6   0.0   0.0  16.6  43.5   4:30a   ENE
20  11.2  16.6   3:30p   6.7  12:00m   7.1   0.0   0.0  18.0  53.1   3:30a     N
21   7.6  11.6   2:30p   4.7   6:30a  10.7   0.0   0.0  24.8  54.7   9:30a   NNW
22   8.1  13.9   4:00p   3.4   5:00a  10.2   0.0   0.0  12.2  51.5  12:30a     N
23  13.1  20.7   4:00p   7.6   5:30a   5.4   0.2   0.0  10.6  57.9  10:00p   NNW
24  12.2  19.3   5:00p   7.4   7:00a   6.2   0.0   0.0  14.3  56.3   2:30a     N
25  13.2  18.7   3:00p   8.9   6:30a   5.1   0.0   0.0   4.5  20.9  11:00a   NNE
26  14.6  20.8   4:00p   9.2   5:00a   4.2   0.4   0.0   1.8  20.9   3:30p   SSW
27
28
29
30
-------------------------------------------------------------------------------------
    13.2  24.4    15     3.4    22   139.5   6.2   2.6   9.2  59.5    17     SSW

Max >=  32.0:  0
Max <=   0.0:  0
Min <=   0.0:  0
Min <= -18.0:  0
Max Rain: 2.01 ON 16/04/17
Days of Rain: 4 (> .2 mm) 1 (> 2 mm) 0 (> 20 mm)
Heat Base:  18.3  Cool Base:  18.3  Method: Integration