Κλιματικές Αναφορές τύπου NOAA



Αναφορά για 2017 Ιούλιος
                   MONTHLY CLIMATOLOGICAL SUMMARY for JUL. 2017

NAME: meteokastro   CITY: ORAIOKASTRO   STATE: THESSALONIKI 
ELEV:   240 m  LAT:  40° 43' 19" N  LONG:  22° 55' 00" E

                   TEMPERATURE (°C), RAIN  (mm), WIND SPEED (km/hr)

                                      HEAT  COOL        AVG
    MEAN                              DEG   DEG         WIND                 DOM
DAY TEMP  HIGH   TIME   LOW    TIME   DAYS  DAYS  RAIN  SPEED HIGH   TIME    DIR
------------------------------------------------------------------------------------
 1  30.9  35.1   5:00p  26.8   6:30a   0.0  12.6   0.0   0.6  17.7   3:00p   SSW
 2  32.0  37.8   4:30p  26.5   5:30a   0.0  13.7   0.0   0.8  17.7   3:30p     S
 3  24.8  29.7  12:30a  19.9  12:00m   0.0   6.5   0.0  19.3  64.4   7:30p   NNW
 4  23.3  28.9   3:00p  18.4   6:30a   0.0   5.0   0.0   7.6  46.7  12:30a     N
 5  24.0  29.2   4:00p  20.2   7:00a   0.0   5.7   0.0   1.4  24.1   4:30p     S
 6  24.8  29.6   5:30p  20.9   6:30a   0.0   6.5   0.0   1.3  19.3   3:30p     S
 7  27.6  35.2   4:30p  20.9   6:30a   0.0   9.2   0.0   2.9  32.2   4:30p     N
 8  25.2  30.2   4:30p  21.7   7:00a   0.0   6.9   0.0   1.3  19.3  12:00p   ENE
 9  27.4  34.2   5:30p  21.4   6:30a   0.0   9.1   0.0   1.0  24.1   1:00p     S
10  27.8  31.0   2:30p  24.9  12:00m   0.0   9.5   0.0   2.7  22.5   5:00a   SSW
11  27.3  31.3   2:00p  24.1   6:00a   0.0   9.0   0.0   1.6  19.3   1:30p     S
12  28.7  36.8   3:00p  23.3   5:30a   0.0  10.4   0.0   0.8  27.4   4:00p     S
13  29.6  34.3   4:30p  24.4   7:00a   0.0  11.2   0.0   1.9  40.2  11:00p   SSW
14  26.3  30.9   2:30p  20.6  11:00p   0.0   8.1   3.0   6.0  41.8  12:30a     N
15  23.1  27.9   3:00p  19.3  12:00m   0.0   4.8   3.2   2.9  32.2  11:30p     S
16  18.0  20.7  10:00a  14.7   7:30p   1.0   0.7  29.0   6.9  38.6   1:00p     N
17  15.4  17.7  12:00m  14.1   5:00a   2.9   0.0  34.4   7.7  48.3   7:00p   NNW
18  21.4  26.6   2:30p  16.6   1:30a   0.1   3.3   0.0   1.1  20.9   1:00p    NE
19  23.3  28.6   4:30p  18.4   6:30a   0.0   5.0   0.0   1.4  22.5   3:00p    NE
20  22.2  26.2  11:00a  20.8   6:00a   0.0   1.8   0.0   0.8  14.5   7:30a   ESE
21
22
23
24
25
26
27
28
29
30
31
-------------------------------------------------------------------------------------
    25.1  37.8     2    14.1    17     4.0 138.9  69.6   3.5  64.4     3       S

Max >=  32.0:  6
Max <=   0.0:  0
Min <=   0.0:  0
Min <= -18.0:  0
Max Rain: 34.39 ON 17/07/17
Days of Rain: 4 (> .2 mm) 4 (> 2 mm) 2 (> 20 mm)
Heat Base:  18.3  Cool Base:  18.3  Method: Integration