Κλιματικές Αναφορές τύπου NOAA



Αναφορά για 2017 Ιανουάριος
                   MONTHLY CLIMATOLOGICAL SUMMARY for JAN. 2017

NAME: meteokastro   CITY: ORAIOKASTRO   STATE: THESSALONIKI 
ELEV:   240 m  LAT:  40° 43' 19" N  LONG:  22° 55' 00" E

                   TEMPERATURE (°C), RAIN  (mm), WIND SPEED (km/hr)

                                      HEAT  COOL        AVG
    MEAN                              DEG   DEG         WIND                 DOM
DAY TEMP  HIGH   TIME   LOW    TIME   DAYS  DAYS  RAIN  SPEED HIGH   TIME    DIR
------------------------------------------------------------------------------------
 1   2.7   6.9   4:00p  -0.1   8:30a  15.6   0.0   0.0   7.7  38.6   7:00a   NNW
 2   3.9   9.0   3:30p   0.9   7:00a  14.4   0.0   0.0   2.4  17.7   2:00a   NNW
 3   5.5  10.2   3:30p   0.9   6:30a  12.8   0.0   0.0   1.3  14.5  11:30p   WSW
 4   7.0   9.9   1:30p   5.4   8:30a  11.3   0.0   0.0   4.5  20.9   8:00a    NE
 5   6.8   9.9   2:00p   0.4  12:00m  11.5   0.0   4.0   6.1  72.4  11:30p    NE
 6  -3.3   0.6   1:00a  -7.8  12:00m  21.6   0.0   0.6  37.0  80.5  10:00a     N
 7  -9.2  -7.6   1:00a -11.3  12:00m  27.5   0.0   0.0  32.5  72.4   1:30a     N
 8  -9.7  -7.0   2:30p -12.2   4:00a  28.0   0.0   0.0  34.0  86.9   6:00a     N
 9  -7.4  -5.8   3:30p  -8.8   7:00a  25.7   0.0   0.0  20.9  66.0   2:30a     N
10  -6.7  -4.8   8:30p  -8.3   1:30a  25.0   0.0   0.6  14.8  45.1   7:00a     N
11  -4.0  -1.9  10:30p  -6.8   3:30a  22.3   0.0   0.4   3.7  25.7   2:30a     N
12   0.1   4.3   3:30p  -4.2   6:30a  18.2   0.0   0.0   2.9  19.3   8:00a     N
13   3.3   7.3   2:30p  -0.8   8:00a  15.0   0.0   0.0   2.6  19.3  11:30a   NNE
14   5.9   8.4   1:30p   4.1   8:00a  12.3   0.0   0.0   3.4  37.0  11:30p   NNE
15   4.6   7.2   4:00p   2.1   7:30a  13.8   0.0   0.0  15.6  48.3   4:00a     N
16   2.3   3.8  12:30a   0.5   7:30a  16.0   0.0   0.0  18.5  46.7   2:30a    NE
17   3.6   5.3   2:30p   2.4   3:00a   8.9   0.0   0.8  17.4  46.7   7:00a   ENE
18
19
20
21
22
23
24
25
26
27
28
29
30
31
-------------------------------------------------------------------------------------
     0.3  10.2     3   -12.2     8   299.8   0.0   6.4  13.3  86.9     8       N

Max >=  32.0:  0
Max <=   0.0:  5
Min <=   0.0:  9
Min <= -18.0:  0
Max Rain: 3.99 ON 05/01/17
Days of Rain: 5 (> .2 mm) 1 (> 2 mm) 0 (> 20 mm)
Heat Base:  18.3  Cool Base:  18.3  Method: Integration