Κλιματικές Αναφορές τύπου NOAA



Αναφορά για 2017 Φεβρουάριος
                   MONTHLY CLIMATOLOGICAL SUMMARY for FEB. 2017

NAME: meteokastro   CITY: ORAIOKASTRO   STATE: THESSALONIKI 
ELEV:   240 m  LAT:  40° 43' 19" N  LONG:  22° 55' 00" E

                   TEMPERATURE (°C), RAIN  (mm), WIND SPEED (km/hr)

                                      HEAT  COOL        AVG
    MEAN                              DEG   DEG         WIND                 DOM
DAY TEMP  HIGH   TIME   LOW    TIME   DAYS  DAYS  RAIN  SPEED HIGH   TIME    DIR
------------------------------------------------------------------------------------
 1   4.8   7.6   1:30p   2.6   3:00a  13.5   0.0   0.0   2.9  16.1   3:30a   ENE
 2   6.2   9.5   3:30p   4.4   7:30a  12.1   0.0   0.0   1.4  11.3   9:30a   ENE
 3   7.3  12.3   3:30p   4.3   8:30a  11.0   0.0   0.0   1.1  16.1   8:30a   ENE
 4  10.7  15.7   3:00p   6.6   7:30a   7.6   0.0   0.0   0.8  16.1   2:30p   ENE
 5  13.7  17.7   2:00p  11.0   6:30a   4.6   0.0   0.0   1.8  20.9   1:00p   WSW
 6  12.7  17.1   2:00p  10.3   8:30a   5.6   0.0   0.0  12.6  46.7   6:30p   ENE
 7   9.3  12.8  12:30a   7.8   7:00a   9.0   0.0   4.0   7.6  33.8   5:00a   ENE
 8   8.5  12.0   3:30p   5.9   5:30a   9.8   0.0   0.0   8.9  30.6   8:00p     N
 9   7.4   9.8   2:00p   5.3  12:00m  10.9   0.0   0.0  12.1  32.2   1:30p   ENE
10   4.9   6.1   3:00p   3.0  12:00m  13.4   0.0   0.0  15.4  45.1   4:00a   ENE
11   3.7   6.8   3:30p   2.1   6:30a  14.6   0.0   0.0  10.3  33.8   4:00a   ENE
12   2.8   5.1   3:30p   1.3   7:30a  15.5   0.0   0.0  15.8  38.6   9:00a   ENE
13   1.8   4.0   5:00p   0.2   9:00p  16.5   0.0   0.0   8.0  33.8   3:00a    NE
14   2.9   7.3   4:30p  -0.6   7:30a  15.4   0.0   0.0   8.7  51.5  11:30p    NE
15   6.8  12.1   4:00p   2.6   6:30a  11.5   0.0   0.4  17.4  59.5   3:00a     N
16   7.0  11.2   3:00p   4.3   7:30a  11.3   0.0   0.0   3.4  19.3   2:00a    NE
17   7.1  10.1   2:30p   5.1  12:30a  11.2   0.0   0.0   1.4  11.3   5:30a   SSW
18   8.3  12.3   4:00p   6.3   7:30a   9.9   0.0   0.0   1.1  14.5   4:00p   SSW
19   8.1   9.7   3:00p   6.9  12:00m  10.3   0.0   6.0   4.0  27.4   4:00a    NE
20   6.7  10.3   3:00p   3.6   6:30a  11.6   0.0   0.0  18.3  49.9   4:30a     N
21   7.2  12.2   4:00p   4.3   7:00a  11.1   0.0   0.0   9.5  41.8   7:30a   WSW
22  11.6  19.0   4:00p   6.1   3:30a   6.7   0.0   0.0   3.2  35.4   9:30a   WSW
23  13.1  18.9   3:30p   8.4   6:30a   5.2   0.0   0.0   2.1  20.9  12:00m   WNW
24  12.1  18.4   2:30p   8.5   6:00a   4.3   0.0   0.0   4.2  20.9  12:30a   NNW
25
26
27
28
-------------------------------------------------------------------------------------
     7.7  19.0    22    -0.6    14   252.6   0.0  10.4   7.2  59.5    15     ENE

Max >=  32.0:  0
Max <=   0.0:  0
Min <=   0.0:  1
Min <= -18.0:  0
Max Rain: 5.99 ON 19/02/17
Days of Rain: 3 (> .2 mm) 2 (> 2 mm) 0 (> 20 mm)
Heat Base:  18.3  Cool Base:  18.3  Method: Integration