Κλιματικές Αναφορές τύπου NOAA



Αναφορά για 2019 Απρίλιος
                   MONTHLY CLIMATOLOGICAL SUMMARY for APR. 2019

NAME: meteokastro   CITY: ORAIOKASTRO   STATE: THESSALONIKI 
ELEV:   270 m  LAT:  40° 43' 53" N  LONG:  22° 55' 10" E

                   TEMPERATURE (°C), RAIN  (mm), WIND SPEED (km/hr)

                                      HEAT  COOL        AVG
    MEAN                              DEG   DEG         WIND                 DOM
DAY TEMP  HIGH   TIME   LOW    TIME   DAYS  DAYS  RAIN  SPEED HIGH   TIME    DIR
------------------------------------------------------------------------------------
 1  13.3  18.4   4:00p   8.7   8:00a   5.0   0.0   0.0   0.6  16.1   2:00p   SSW
 2  14.2  18.6   1:30p  10.4   5:00a   4.1   0.0   0.0   1.4  20.9   2:00p   SSW
 3  10.8  15.1   2:00p   7.4   7:30a   7.5   0.0   0.0   1.4  20.9   5:00a   SSW
 4  10.1  14.3   3:00p   6.8   7:30a   8.2   0.0   0.0   1.0  22.5   2:30p   SSW
 5  10.3  14.4   4:00p   7.3   7:00a   8.0   0.0   0.0   0.6  16.1   4:30p   ENE
 6  11.9  15.1   2:30p   9.1   5:30a   6.4   0.0   0.0   1.3  27.4  12:30p   NNE
 7  13.2  17.2   2:00p  11.1   7:30a   5.1   0.0   0.0   0.3  16.1   4:00p     S
 8  11.2  14.1   3:30p   9.3   3:30a   7.1   0.0   8.4   0.5  22.5   8:00a    NE
 9  11.3  15.0   6:00p   9.4   7:00a   7.0   0.0   5.6   4.8  38.6  10:00a   NNW
10  13.5  18.3   3:00p  10.4   6:30a   4.8   0.0   1.2   0.6  17.7  11:00a     N
11  14.8  19.8   3:30p   9.7   7:30a   3.6   0.1   0.6   1.0  25.7   1:30p   SSW
12  12.8  16.2   4:30p  10.1  10:30a   5.5   0.0   7.6   0.6  22.5   5:00p   SSW
13  12.8  18.4   3:30p   9.0   6:30a   5.5   0.0   2.0   2.1  30.6  10:00a     N
14  11.1  16.5   1:00p   9.1   5:30p   7.2   0.0  35.8   0.6  20.9   2:30a     N
15  10.2  13.4   4:30p   8.8   9:00a   8.1   0.0  12.2   0.8  24.1   5:30p     E
16  10.6  14.1   5:00p   8.3   7:00a   7.7   0.0   2.2   0.6  19.3   4:00a     S
17  12.9  18.7   5:00p   8.2   4:30a   5.3   0.0   0.2   6.8  41.8   9:30a   NNW
18  11.3  15.1   3:00p   8.2  12:00m   7.0   0.0   1.2   1.6  32.2   5:30p   ENE
19  12.5  19.7   5:00p   7.9   7:00a   5.8   0.1   0.0   1.3  37.0   3:30p     N
20  11.4  12.9  12:30a  10.3   1:30a   0.4   0.0   0.0   6.9  32.2   1:30a     E
21
22
23
24
25
26
27
28
29
30
-------------------------------------------------------------------------------------
    12.0  19.8    11     6.8     4   119.6   0.2  77.0   1.8  41.8    17     SSW

Max >=  32.0:  0
Max <=   0.0:  0
Min <=   0.0:  0
Min <= -18.0:  0
Max Rain: 35.79 ON 14/04/19
Days of Rain: 11 (> .2 mm) 7 (> 2 mm) 1 (> 20 mm)
Heat Base:  18.3  Cool Base:  18.3  Method: Integration