Κλιματικές Αναφορές τύπου NOAA


Επιλέξτε μια Ετήσια ή Μηνιαία αναφορά
2024: Ιαν Φεβ Μάρ Απρ Μάϊ Ιού Ιού Αύγ Σεπ Οκτ Νοέ Δεκ
2023: Ιαν Φεβ Μάρ Απρ Μάϊ Ιού Ιού Αύγ Σεπ Οκτ Νοέ Δεκ
2022: Ιαν Φεβ Μάρ Απρ Μάϊ Ιού Ιού Αύγ Σεπ Οκτ Νοέ Δεκ
2021: Ιαν Φεβ Μάρ Απρ Μάϊ Ιού Ιού Αύγ Σεπ Οκτ Νοέ Δεκ
2020: Ιαν Φεβ Μάρ Απρ Μάϊ Ιού Ιού Αύγ Σεπ Οκτ Νοέ Δεκ
2019: Ιαν Φεβ Μάρ Απρ Μάϊ Ιού Ιού Αύγ Σεπ Οκτ Νοέ Δεκ
2018: Ιαν Φεβ Μάρ Απρ Μάϊ Ιού Ιού Αύγ Σεπ Οκτ Νοέ Δεκ
2017: Ιαν Φεβ Μάρ Απρ Μάϊ Ιού Ιού Αύγ Σεπ Οκτ Νοέ Δεκ
2016: Ιαν Φεβ Μάρ Απρ Μάϊ Ιού Ιού Αύγ Σεπ Οκτ Νοέ Δεκ
2015: Ιαν Φεβ Μάρ Απρ Μάϊ Ιού Ιού Αύγ Σεπ Οκτ Νοέ Δεκ
2014: Ιαν Φεβ Μάρ Απρ Μάϊ Ιού Ιού Αύγ Σεπ Οκτ Νοέ Δεκ
2013: Ιαν Φεβ Μάρ Απρ Μάϊ Ιού Ιού Αύγ Σεπ Οκτ Νοέ Δεκ
2012: Ιαν Φεβ Μάρ Απρ Μάϊ Ιού Ιού Αύγ Σεπ Οκτ Νοέ Δεκ
2011: Ιαν Φεβ Μάρ Απρ Μάϊ Ιού Ιού Αύγ Σεπ Οκτ Νοέ Δεκ
2010: Ιαν Φεβ Μάρ Απρ Μάϊ Ιού Ιού Αύγ Σεπ Οκτ Νοέ Δεκ
2009: Ιαν Φεβ Μάρ Απρ Μάϊ Ιού Ιού Αύγ Σεπ Οκτ Νοέ Δεκ

Αναφορά για 2024 Απρίλιος
                   MONTHLY CLIMATOLOGICAL SUMMARY for APR. 2024

NAME: meteokastro   CITY: ORAIOKASTRO   STATE: THESSALONIKI 
ELEV:   290 m  LAT:  40° 43' 53" N  LONG:  22° 55' 10" E

                   TEMPERATURE (°C), RAIN  (mm), WIND SPEED (km/hr)

                                      HEAT  COOL        AVG
    MEAN                              DEG   DEG         WIND                 DOM
DAY TEMP  HIGH   TIME   LOW    TIME   DAYS  DAYS  RAIN  SPEED HIGH   TIME    DIR
------------------------------------------------------------------------------------
 1  16.6  22.9   15:35  12.9    5:30   2.3   0.6   0.0   0.2  12.9   16:20   SSE
 2  17.5  25.4   16:20  11.4    7:00   2.6   1.8   0.2   1.4  30.6   21:45   WNW
 3  16.5  22.2   15:05  11.8    7:10   2.4   0.6   0.0   6.9  43.5    3:10    NW
 4  17.7  23.9   17:10  11.9    6:20   2.0   1.4   0.0   4.8  30.6   11:40    NW
 5  19.1  25.3   16:55  14.4    5:05   1.2   2.0   0.0   2.6  27.4   14:10   NNW
 6  19.1  25.6   14:55  13.2    7:05   1.0   1.8   0.0   1.0  17.7    1:40     S
 7  18.1  23.7   13:35  13.7   23:45   1.0   0.8   0.4   4.5  32.2    5:05    NW
 8  16.5  22.2   15:35  12.4    7:10   2.3   0.5   0.0   0.8  17.7   14:20   NNE
 9  17.5  22.9   15:35  14.0    6:50   1.7   0.9   0.0   0.5  16.1   14:45   NNE
10  18.1  23.2   15:30  13.7    4:00   1.6   1.3   0.0   0.2  11.3   12:40   SSE
11  19.1  24.3   14:35  14.3    4:45   1.0   1.7   0.0   0.6  17.7   10:55   SSE
12  21.1  26.9   16:30  16.4    7:20   0.3   3.1   0.0   3.9  25.7   15:05    NW
13  21.9  28.4   16:20  17.7    6:55   0.0   3.7   0.0   2.6  29.0   14:50   NNW
14  21.4  28.7   16:50  17.4    6:25   0.1   3.2   0.0   5.1  32.2   11:40   NNW
15  21.2  27.1   15:05  16.6    6:50   0.2   3.1   0.0   0.5  16.1   14:45     S
16  20.4  25.8   12:45  16.8   00:00   0.1   2.2   0.0   0.8  20.9   20:40     N
17  18.6  22.9   14:55  13.7   22:45   1.0   1.4   1.2   5.0  35.4   22:05   SSE
18  12.8  17.4   16:40   9.2    7:10   5.5   0.0   0.0  12.6  43.5   10:55   NNW
19  11.7  17.2   14:20   9.2    4:45   6.6   0.0   0.4   7.4  29.0    6:15   NNW
20  13.4  19.7   14:05   8.8    7:05   5.0   0.1   2.4   5.6  27.4    7:45    NW
21  11.4  16.7   12:35   8.4   23:25   6.9   0.0   8.8   3.9  30.6   17:50   NNW
22  11.5  15.5   13:30   7.5    5:00   6.8   0.0   0.0   5.8  30.6    1:55   NNW
23  12.4  14.6   00:00  10.0    6:30   5.8   0.0   9.4   5.1  35.4   16:45   ENE
24  17.1  23.1   15:45  11.9    6:45   1.9   0.9   0.0   1.0  20.9   10:20   NNW
25
26
27
28
29
30
-------------------------------------------------------------------------------------
    17.1  28.7    14     7.5    22    59.4  31.3  22.8   3.4  43.5     3     NNW

Max >=  32.0:  0
Max <=   0.0:  0
Min <=   0.0:  0
Min <= -18.0:  0
Max Rain: 9.40 ON 23/04/24
Days of Rain: 7 (> .2 mm) 3 (> 2 mm) 0 (> 20 mm)
Heat Base:  18.3  Cool Base:  18.3  Method: Integration